 in base 3?
120121101
13a (base 14) to base 13
161
Convert 2326 (base 10) to base 4.
210112
What is 3703 (base 11) in base 12?
2977
-179 (base 14) to base 8
-457
42063 (base 8) to base 4
10100303
What is -26432 (base 9) in base 13?
-8180
Convert 831 (base 12) to base 10.
1189
What is -1004 (base 8) in base 15?
-246
What is 14 (base 11) in base 12?
13
Convert 111001111110 (base 2) to base 9.
5072
-2022 (base 7) to base 9
-860
What is 594 (base 13) in base 7?
2550
-40 (base 6) to base 13
-1b
230410 (base 6) to base 2
100110010000110
What is -220122 (base 3) in base 7?
-1640
What is 1960 (base 15) in base 14?
2002
-5040 (base 6) to base 13
-66c
Convert 11a8d (base 15) to base 2.
1101110000111111
What is -17845 (base 11) in base 2?
-110000110001111
Convert -162 (base 8) to base 5.
-424
Convert 8ec (base 15) to base 6.
13210
What is 354 (base 7) in base 3?
20220
Convert 80 (base 13) to base 7.
206
What is -36b (base 16) in base 2?
-1101101011
What is -623 (base 8) in base 7?
-1114
Convert d12 (base 16) to base 9.
4527
-5458 (base 9) to base 8
-7666
Convert -30042 (base 6) to base 2.
-111101001010
What is -11111000100 (base 2) in base 6?
-13112
-21121 (base 4) to base 12
-421
What is -575 (base 9) in base 6?
-2105
-124221 (base 5) to base 16
-1348
What is -d0a7 (base 15) in base 6?
-535504
3a24 (base 13) to base 7
33142
2060 (base 8) to base 12
754
What is -1413 (base 5) in base 14?
-129
What is 884 (base 14) in base 15?
774
What is 2 (base 13) in base 4?
2
-32301 (base 4) to base 12
-669
1100101010 (base 2) to base 10
810
Convert 387 (base 12) to base 13.
322
-96 (base 13) to base 3
-11120
What is 43303 (base 7) in base 6?
121531
Convert 3033 (base 4) to base 9.
250
Convert 6063 (base 7) to base 10.
2103
-88b (base 16) to base 4
-202023
-21001 (base 4) to base 11
-485
What is -22121 (base 4) in base 15?
-2e5
45 (base 14) to base 5
221
What is 1771a (base 13) in base 2?
1011000001011010
105 (base 14) to base 8
311
30201 (base 5) to base 7
5421
What is 1312 (base 7) in base 16?
1f3
Convert 114f (base 16) to base 14.
1887
Convert 6d (base 15) to base 4.
1213
Convert 25641 (base 7) to base 3.
100101100
Convert 6a3 (base 12) to base 8.
1733
157 (base 13) to base 14
133
-3203 (base 8) to base 12
-b6b
What is 13a (base 14) in base 2?
11111000
What is b5d0 (base 16) in base 12?
22b28
-18105 (base 10) to base 8
-43271
65303 (base 7) to base 11
11252
What is -316 (base 9) in base 12?
-196
Convert -1aab (base 15) to base 14.
-2174
Convert -38b (base 15) to base 8.
-1446
What is -120340 (base 6) in base 4?
-2210010
Convert 8fa5 (base 16) to base 13.
13979
What is 2310 (base 8) in base 13?
732
What is -1112100 (base 3) in base 8?
-2134
Convert -ab5 (base 13) to base 6.
-12302
Convert 2166 (base 7) to base 3.
1002000
What is -151552 (base 6) in base 13?
-68b7
1239 (base 10) to base 11
a27
Convert -13400 (base 6) to base 12.
-1260
Convert -21313 (base 5) to base 3.
-2000000
Convert -451 (base 10) to base 8.
-703
What is 11011111011 (base 2) in base 14?
919
What is -2650 (base 13) in base 16?
-1561
-21412 (base 5) to base 12
-a36
What is 653 (base 7) in base 10?
332
-4b89 (base 12) to base 15
-2836
What is 10126 (base 7) in base 15?
aea
What is -1538 (base 10) in base 14?
-7bc
Convert 154 (base 8) to base 3.
11000
What is 10110222 (base 3) in base 14?
cd3
Convert 356 (base 16) to base 15.
3be
-b9 (base 16) to base 4
-2321
What is 714 (base 11) in base 8?
1536
What is -1b13b (base 12) in base 15?
-bc75
Convert -31575 (base 9) to base 10.
-20885
What is 266 (base 7) in base 13?
b3
Convert 10101011000 (base 2) to base 12.
960
1303314 (base 5) to base 12
12897
What is -2d8 (base 16) in base 13?
-440
What is 1022322 (base 4) in base 5?
123134
What is -4321 (base 8) in base 5?
-33012
What is -337 (base 16) in base 11?
-689
Convert -30043 (base 5) to base 6.
-12442
Convert 1a1 (base 11) to base 12.
174
Convert 1001011011000010 (base 2) to base 15.
b67e
What is 10b4 (base 12) in base 5?
24424
Convert 35453 (base 6) to base 11.
3958
What is 447 (base 12) in base 16?
277
Convert 10111001011 (base 2) to base 7.
4216
What is -3576 (base 8) in base 7?
-5410
What is -44 (base 5) in base 11?
-22
Convert 82d0 (base 15) to base 7.
143412
Convert -1102300 (base 4) to base 9.
-7234
What is 10ed (base 16) in base 10?
4333
What is -110110011 (base 2) in base 9?
-533
Convert 110a8 (base 11) to base 16.
3eda
656 (base 12) to base 6
4150
Convert 102302 (base 5) to base 15.
1052
Convert 339 (base 16) to base 12.
589
2402 (base 12) to base 4
333002
What is 88d0 (base 16) in base 8?
104320
201221 (base 3) to base 7
1366
Convert -10203 (base 4) to base 8.
-443
-98 (base 11) to base 9
-128
2642 (base 9) to base 7
5531
Convert -28030 (base 9) to base 12.
-ab99
2ed (base 15) to base 9
827
What is -431 (base 14) in base 8?
-1473
What is -740 (base 14) in base 8?
-2624
What is -1422 (base 7) in base 12?
-3a3
c3d (base 14) to base 5
34112
3322 (base 4) to base 6
1054
What is -12b3a (base 15) in base 13?
-21361
Convert 13532 (base 6) to base 15.
97e
-51 (base 13) to base 16
-42
What is 2350 (base 7) in base 9?
1164
What is -10301 (base 4) in base 2?
-100110001
-101111011010 (base 2) to base 4
-233122
Convert -908 (base 11) to base 16.
-449
-10101000001 (base 2) to base 16
-541
What is -2484 (base 10) in base 9?
-3360
Convert -581 (base 13) to base 12.
-672
Convert -124126 (base 8) to base 6.
-531302
288 (base 10) to base 13
192
Convert 322013 (base 4) to base 2.
111010000111
Convert 542 (base 15) to base 9.
1558
What is 21807 (base 13) in base 8?
166406
Convert -2014 (base 8) to base 5.
-13121
Convert -100100100100100 (base 2) to base 9.
-27614
What is 2010010 (base 3) in base 12?
a86
-1001111111110100 (base 2) to base 10
-40948
8016 (base 13) to base 14
65ab
330 (base 8) to base 11
187
-27 (base 9) to base 4
-121
-3856 (base 12) to base 2
-1100100000010
-4303 (base 15) to base 11
-a71a
915 (base 14) to base 16
6f7
What is 15751 (base 8) in base 7?
26555
62534 (base 8) to base 10
25948
What is -310 (base 14) in base 11?
-4a8
Convert -1d2 (base 15) to base 13.
-266
Convert -103230 (base 4) to base 14.
-660
What is -1491 (base 13) in base 16?
-baf
What is -385 (base 12) in base 11?
-445
Convert 2e7 (base 15) to base 13.
3c4
Convert -1284 (base 16) to base 11.
-361a
What is -1000121 (base 3) in base 7?
-2113
Convert -4a5 (base 15) to base 8.
-2037
Convert -927 (base 13) to base 5.
-22204
Convert -110101210 (base 3) to base 16.
-234f
Convert 10033 (base 5) to base 13.
3a6
Convert -22202211 (base 3) to base 14.
-248a
4a58 (base 12) to base 14
30d6
3936 (base 10) to base 8
7540
Convert -6046 (base 7) to base 4.
-200230
-ece (base 16) to base 9
-5171
4213 (base 6) to base 10
945
Convert -1a2 (base 13) to base 5.
-2201
39d (base 15) to base 7
2254
Convert 5765 (base 8) to base 9.
4171
Convert 99 (base 14) to base 13.
a5
What is -396 (base 11) in base 4?
-13110
Convert -9b (base 12) to base 15.
-7e
-1022101 (base 3) to base 10
-955
842 (base 12) to base 7
3335
What is -6363 (base 7) in base 2?
-100011001010
What is 1000100002 (base 3) in base 14?
7396
29e (base 16) to base 7
1645
-1110200 (base 3) to base 6
-4543
360 (base 11) to base 9
526
What is -7151 (base 8) in base 13?
-18aa
210242 (base 7) to base 3
1211120122
Convert 2503 (base 7) to base 4.
32212
27820 (base 9) to base 6
223243
Convert -b131 (base 13) to base 11.
-17350
What is 2a27b (base 12) in base 9?
100105
282 (base 14) to base 4
13322
What is -10320123 (base 4) in base 10?
-19995
3251 (base 11) to base 12
2597
Convert 240332 (base 6) to base 12.
100a8
421 (base 10) to base 6
1541
Convert 10000111111011101 (base 2) to base 6.
1254113
Convert -9512 (base 11) to base 2.
-11000100110101
Convert -153143 (base 6) to base 12.
-87b3
What is 837 (base 12) in base 3?
1122021
What is -100011101111 (base 2) in base 15?
-a27
386 (base 11) to base 5
3312
Convert 31616 (base 8) to base 13.
6013
-1211010 (base 3) to base 12
-926
What is -251053 (base 8) in base 13?
-30534
Convert 114642 (base 7) to base 14.
7892
What is -81e (base 16) in base 8?
-4036
7694 (base 10) to base 15
242e
879 (base 10) to base 9
1176
What is 503 (base 11) in base 12?
428
What is 400245 (base 6) in base 13?
11285
What is 132111 (base 4) in base 16?
795
What is 12041 (base 7) in